{"id":1984,"date":"2022-09-26T19:15:47","date_gmt":"2022-09-26T19:15:47","guid":{"rendered":"https:\/\/karriere.boreus.de\/?page_id=1984"},"modified":"2022-09-26T19:15:47","modified_gmt":"2022-09-26T19:15:47","slug":"das-sagen-mitarbeiter","status":"publish","type":"page","link":"https:\/\/karriere.legacy.dev.brandhands.de\/?page_id=1984","title":{"rendered":"Das sagen Mitarbeiter"},"content":{"rendered":"\t\t<div data-elementor-type=\"wp-page\" data-elementor-id=\"1984\" class=\"elementor elementor-1984\">\n\t\t\t\t\t\t\t\t\t<section data-particle_enable=\"false\" data-particle-mobile-disabled=\"false\" class=\"elementor-section elementor-top-section elementor-element elementor-element-42daba99 elementor-section-boxed elementor-section-height-default elementor-section-height-default\" data-id=\"42daba99\" data-element_type=\"section\" data-settings=\"{&quot;background_background&quot;:&quot;classic&quot;,&quot;background_motion_fx_motion_fx_scrolling&quot;:&quot;yes&quot;,&quot;background_motion_fx_translateX_effect&quot;:&quot;yes&quot;,&quot;background_motion_fx_translateX_speed&quot;:{&quot;unit&quot;:&quot;px&quot;,&quot;size&quot;:0,&quot;sizes&quot;:[]},&quot;background_motion_fx_scale_effect&quot;:&quot;yes&quot;,&quot;shape_divider_bottom&quot;:&quot;tilt&quot;,&quot;background_motion_fx_translateX_affectedRange&quot;:{&quot;unit&quot;:&quot;%&quot;,&quot;size&quot;:&quot;&quot;,&quot;sizes&quot;:{&quot;start&quot;:0,&quot;end&quot;:100}},&quot;background_motion_fx_scale_direction&quot;:&quot;out-in&quot;,&quot;background_motion_fx_scale_speed&quot;:{&quot;unit&quot;:&quot;px&quot;,&quot;size&quot;:4,&quot;sizes&quot;:[]},&quot;background_motion_fx_scale_range&quot;:{&quot;unit&quot;:&quot;%&quot;,&quot;size&quot;:&quot;&quot;,&quot;sizes&quot;:{&quot;start&quot;:20,&quot;end&quot;:80}},&quot;background_motion_fx_devices&quot;:[&quot;desktop&quot;,&quot;tablet&quot;,&quot;mobile&quot;],&quot;ekit_has_onepagescroll_dot&quot;:&quot;yes&quot;}\">\n\t\t\t\t\t<div class=\"elementor-shape elementor-shape-bottom\" data-negative=\"false\">\n\t\t\t<svg xmlns=\"http:\/\/www.w3.org\/2000\/svg\" viewBox=\"0 0 1000 100\" preserveAspectRatio=\"none\">\n\t<path class=\"elementor-shape-fill\" d=\"M0,6V0h1000v100L0,6z\"\/>\n<\/svg>\t\t<\/div>\n\t\t\t\t\t<div class=\"elementor-container elementor-column-gap-default\">\n\t\t\t\t\t<div class=\"elementor-column elementor-col-50 elementor-top-column elementor-element elementor-element-72b0ccce\" data-id=\"72b0ccce\" data-element_type=\"column\">\n\t\t\t<div class=\"elementor-widget-wrap\">\n\t\t\t\t\t\t\t\t\t<\/div>\n\t\t<\/div>\n\t\t\t\t<div class=\"elementor-column elementor-col-50 elementor-top-column elementor-element elementor-element-22291d6c\" data-id=\"22291d6c\" data-element_type=\"column\">\n\t\t\t<div class=\"elementor-widget-wrap elementor-element-populated\">\n\t\t\t\t\t\t\t\t<div class=\"elementor-element elementor-element-69797026 elementor-widget elementor-widget-heading\" data-id=\"69797026\" data-element_type=\"widget\" data-settings=\"{&quot;ekit_we_effect_on&quot;:&quot;none&quot;}\" data-widget_type=\"heading.default\">\n\t\t\t\t<div class=\"elementor-widget-container\">\n\t\t\t<style>\/*! elementor - v3.10.1 - 17-01-2023 *\/\n.elementor-heading-title{padding:0;margin:0;line-height:1}.elementor-widget-heading .elementor-heading-title[class*=elementor-size-]>a{color:inherit;font-size:inherit;line-height:inherit}.elementor-widget-heading .elementor-heading-title.elementor-size-small{font-size:15px}.elementor-widget-heading .elementor-heading-title.elementor-size-medium{font-size:19px}.elementor-widget-heading .elementor-heading-title.elementor-size-large{font-size:29px}.elementor-widget-heading .elementor-heading-title.elementor-size-xl{font-size:39px}.elementor-widget-heading .elementor-heading-title.elementor-size-xxl{font-size:59px}<\/style><h2 class=\"elementor-heading-title elementor-size-default\">Andreas Engel<br>Gesch\u00e4ftsf\u00fchrer<\/h2>\t\t<\/div>\n\t\t\t\t<\/div>\n\t\t\t\t<div class=\"elementor-element elementor-element-73ff2c7c elementor-widget elementor-widget-heading\" data-id=\"73ff2c7c\" data-element_type=\"widget\" data-settings=\"{&quot;ekit_we_effect_on&quot;:&quot;none&quot;}\" data-widget_type=\"heading.default\">\n\t\t\t\t<div class=\"elementor-widget-container\">\n\t\t\t<h2 class=\"elementor-heading-title elementor-size-default\">Seit 2003 bei Boreus<\/h2>\t\t<\/div>\n\t\t\t\t<\/div>\n\t\t\t\t<div class=\"elementor-element elementor-element-70f3efc elementor-widget elementor-widget-text-editor\" data-id=\"70f3efc\" data-element_type=\"widget\" data-settings=\"{&quot;ekit_we_effect_on&quot;:&quot;none&quot;}\" data-widget_type=\"text-editor.default\">\n\t\t\t\t<div class=\"elementor-widget-container\">\n\t\t\t<style>\/*! elementor - v3.10.1 - 17-01-2023 *\/\n.elementor-widget-text-editor.elementor-drop-cap-view-stacked .elementor-drop-cap{background-color:#818a91;color:#fff}.elementor-widget-text-editor.elementor-drop-cap-view-framed .elementor-drop-cap{color:#818a91;border:3px solid;background-color:transparent}.elementor-widget-text-editor:not(.elementor-drop-cap-view-default) .elementor-drop-cap{margin-top:8px}.elementor-widget-text-editor:not(.elementor-drop-cap-view-default) .elementor-drop-cap-letter{width:1em;height:1em}.elementor-widget-text-editor .elementor-drop-cap{float:left;text-align:center;line-height:1;font-size:50px}.elementor-widget-text-editor .elementor-drop-cap-letter{display:inline-block}<\/style>\t\t\t\t<p>Ich habe selbst als Auszubildender angefangen und bin heute Gesch\u00e4ftsf\u00fchrer bei Boreus. Immer nah an der aktuellen Technologie und am Puls des Kunden setzen wir spannende Projekte f\u00fcr und besonders mit unseren Kunden um. Ich sch\u00e4tze das offene und pers\u00f6nliche Verh\u00e4ltnis unter den Mitarbeitern. Aus meiner Sicht ist das ein sehr wichtiger Bestandteil f\u00fcr ein gutes und produktives Arbeitsumfeld.<\/p><p>Andreas Engel, Gesch\u00e4ftsf\u00fchrer, seit 2003 bei Boreus<\/p>\t\t\t\t\t\t<\/div>\n\t\t\t\t<\/div>\n\t\t\t\t\t<\/div>\n\t\t<\/div>\n\t\t\t\t\t\t\t<\/div>\n\t\t<\/section>\n\t\t\t\t<section data-particle_enable=\"false\" data-particle-mobile-disabled=\"false\" class=\"elementor-section elementor-top-section elementor-element elementor-element-891cc72 elementor-section-boxed elementor-section-height-default elementor-section-height-default\" data-id=\"891cc72\" data-element_type=\"section\" data-settings=\"{&quot;background_background&quot;:&quot;classic&quot;,&quot;shape_divider_top&quot;:&quot;tilt&quot;,&quot;background_motion_fx_motion_fx_scrolling&quot;:&quot;yes&quot;,&quot;background_motion_fx_translateX_effect&quot;:&quot;yes&quot;,&quot;background_motion_fx_scale_effect&quot;:&quot;yes&quot;,&quot;background_motion_fx_scale_direction&quot;:&quot;in-out&quot;,&quot;background_motion_fx_translateX_speed&quot;:{&quot;unit&quot;:&quot;px&quot;,&quot;size&quot;:4,&quot;sizes&quot;:[]},&quot;background_motion_fx_translateX_affectedRange&quot;:{&quot;unit&quot;:&quot;%&quot;,&quot;size&quot;:&quot;&quot;,&quot;sizes&quot;:{&quot;start&quot;:0,&quot;end&quot;:100}},&quot;background_motion_fx_scale_speed&quot;:{&quot;unit&quot;:&quot;px&quot;,&quot;size&quot;:4,&quot;sizes&quot;:[]},&quot;background_motion_fx_scale_range&quot;:{&quot;unit&quot;:&quot;%&quot;,&quot;size&quot;:&quot;&quot;,&quot;sizes&quot;:{&quot;start&quot;:20,&quot;end&quot;:80}},&quot;background_motion_fx_devices&quot;:[&quot;desktop&quot;,&quot;tablet&quot;,&quot;mobile&quot;],&quot;ekit_has_onepagescroll_dot&quot;:&quot;yes&quot;}\">\n\t\t\t\t\t<div class=\"elementor-shape elementor-shape-top\" data-negative=\"false\">\n\t\t\t<svg xmlns=\"http:\/\/www.w3.org\/2000\/svg\" viewBox=\"0 0 1000 100\" preserveAspectRatio=\"none\">\n\t<path class=\"elementor-shape-fill\" d=\"M0,6V0h1000v100L0,6z\"\/>\n<\/svg>\t\t<\/div>\n\t\t\t\t\t<div class=\"elementor-container elementor-column-gap-default\">\n\t\t\t\t\t<div class=\"elementor-column elementor-col-50 elementor-top-column elementor-element elementor-element-c3e2d7c\" data-id=\"c3e2d7c\" data-element_type=\"column\" data-settings=\"{&quot;background_background&quot;:&quot;classic&quot;}\">\n\t\t\t<div class=\"elementor-widget-wrap\">\n\t\t\t\t\t\t\t\t\t<\/div>\n\t\t<\/div>\n\t\t\t\t<div class=\"elementor-column elementor-col-50 elementor-top-column elementor-element elementor-element-eb917c4\" data-id=\"eb917c4\" data-element_type=\"column\">\n\t\t\t<div class=\"elementor-widget-wrap elementor-element-populated\">\n\t\t\t\t\t\t\t\t<div class=\"elementor-element elementor-element-99370c6 elementor-widget elementor-widget-heading\" data-id=\"99370c6\" data-element_type=\"widget\" data-settings=\"{&quot;ekit_we_effect_on&quot;:&quot;none&quot;}\" data-widget_type=\"heading.default\">\n\t\t\t\t<div class=\"elementor-widget-container\">\n\t\t\t<h2 class=\"elementor-heading-title elementor-size-default\">Massimiliano Bianconi<\/h2>\t\t<\/div>\n\t\t\t\t<\/div>\n\t\t\t\t<div class=\"elementor-element elementor-element-5517f83 elementor-widget elementor-widget-heading\" data-id=\"5517f83\" data-element_type=\"widget\" data-settings=\"{&quot;ekit_we_effect_on&quot;:&quot;none&quot;}\" data-widget_type=\"heading.default\">\n\t\t\t\t<div class=\"elementor-widget-container\">\n\t\t\t<h2 class=\"elementor-heading-title elementor-size-default\">seit 2017 bei Boreus<\/h2>\t\t<\/div>\n\t\t\t\t<\/div>\n\t\t\t\t<div class=\"elementor-element elementor-element-eeff4e8 elementor-widget elementor-widget-text-editor\" data-id=\"eeff4e8\" data-element_type=\"widget\" data-settings=\"{&quot;ekit_we_effect_on&quot;:&quot;none&quot;}\" data-widget_type=\"text-editor.default\">\n\t\t\t\t<div class=\"elementor-widget-container\">\n\t\t\t\t\t\t\t<p>Bereits zu Beginn meiner Ausbildung wurde ich in die t\u00e4glichen Workflows einbezogen und konnte fr\u00fch Verantwortung \u00fcbernehmen.<\/p><p>Vielf\u00e4ltige Aufgabenbereiche erm\u00f6glichen einen abwechslungsreichen Arbeitsalltag und man kann neu gelerntes Wissen direkt anwenden. Die offene Art und lockere Atmosph\u00e4re motivieren mich jeden Tag mein Bestes zu geben.<\/p>\t\t\t\t\t\t<\/div>\n\t\t\t\t<\/div>\n\t\t\t\t\t<\/div>\n\t\t<\/div>\n\t\t\t\t\t\t\t<\/div>\n\t\t<\/section>\n\t\t\t\t<section data-particle_enable=\"false\" data-particle-mobile-disabled=\"false\" class=\"elementor-section elementor-top-section elementor-element elementor-element-fb98934 elementor-section-boxed elementor-section-height-default elementor-section-height-default\" data-id=\"fb98934\" data-element_type=\"section\" data-settings=\"{&quot;background_background&quot;:&quot;classic&quot;,&quot;shape_divider_top&quot;:&quot;tilt&quot;,&quot;background_motion_fx_motion_fx_scrolling&quot;:&quot;yes&quot;,&quot;background_motion_fx_translateX_effect&quot;:&quot;yes&quot;,&quot;background_motion_fx_scale_effect&quot;:&quot;yes&quot;,&quot;background_motion_fx_scale_direction&quot;:&quot;in-out&quot;,&quot;background_motion_fx_translateX_speed&quot;:{&quot;unit&quot;:&quot;px&quot;,&quot;size&quot;:4,&quot;sizes&quot;:[]},&quot;background_motion_fx_translateX_affectedRange&quot;:{&quot;unit&quot;:&quot;%&quot;,&quot;size&quot;:&quot;&quot;,&quot;sizes&quot;:{&quot;start&quot;:0,&quot;end&quot;:100}},&quot;background_motion_fx_scale_speed&quot;:{&quot;unit&quot;:&quot;px&quot;,&quot;size&quot;:4,&quot;sizes&quot;:[]},&quot;background_motion_fx_scale_range&quot;:{&quot;unit&quot;:&quot;%&quot;,&quot;size&quot;:&quot;&quot;,&quot;sizes&quot;:{&quot;start&quot;:20,&quot;end&quot;:80}},&quot;background_motion_fx_devices&quot;:[&quot;desktop&quot;,&quot;tablet&quot;,&quot;mobile&quot;],&quot;ekit_has_onepagescroll_dot&quot;:&quot;yes&quot;}\">\n\t\t\t\t\t<div class=\"elementor-shape elementor-shape-top\" data-negative=\"false\">\n\t\t\t<svg xmlns=\"http:\/\/www.w3.org\/2000\/svg\" viewBox=\"0 0 1000 100\" preserveAspectRatio=\"none\">\n\t<path class=\"elementor-shape-fill\" d=\"M0,6V0h1000v100L0,6z\"\/>\n<\/svg>\t\t<\/div>\n\t\t\t\t\t<div class=\"elementor-container elementor-column-gap-default\">\n\t\t\t\t\t<div class=\"elementor-column elementor-col-50 elementor-top-column elementor-element elementor-element-7ca357d\" data-id=\"7ca357d\" data-element_type=\"column\">\n\t\t\t<div class=\"elementor-widget-wrap elementor-element-populated\">\n\t\t\t\t\t\t\t\t<div class=\"elementor-element elementor-element-215fedd elementor-widget elementor-widget-heading\" data-id=\"215fedd\" data-element_type=\"widget\" data-settings=\"{&quot;ekit_we_effect_on&quot;:&quot;none&quot;}\" data-widget_type=\"heading.default\">\n\t\t\t\t<div class=\"elementor-widget-container\">\n\t\t\t<h2 class=\"elementor-heading-title elementor-size-default\">Andreas Schubert<br>Leiter Online Services<\/h2>\t\t<\/div>\n\t\t\t\t<\/div>\n\t\t\t\t<div class=\"elementor-element elementor-element-78e4e15 elementor-widget elementor-widget-heading\" data-id=\"78e4e15\" data-element_type=\"widget\" data-settings=\"{&quot;ekit_we_effect_on&quot;:&quot;none&quot;}\" data-widget_type=\"heading.default\">\n\t\t\t\t<div class=\"elementor-widget-container\">\n\t\t\t<h2 class=\"elementor-heading-title elementor-size-default\">Seit 2006 bei Boreus<\/h2>\t\t<\/div>\n\t\t\t\t<\/div>\n\t\t\t\t<div class=\"elementor-element elementor-element-83d7cd5 elementor-widget elementor-widget-text-editor\" data-id=\"83d7cd5\" data-element_type=\"widget\" data-settings=\"{&quot;ekit_we_effect_on&quot;:&quot;none&quot;}\" data-widget_type=\"text-editor.default\">\n\t\t\t\t<div class=\"elementor-widget-container\">\n\t\t\t\t\t\t\t<p>Mich beeindruckt auch nach \u00fcber 10 Jahren die unglaubliche Kompetenz gepaart mit dem offenen und hilfsbereiten Umgang aller Mitarbeiter untereinander. Das Verwenden neuer Technologien und kulturell-organisatorischer Methoden sorgt dabei f\u00fcr einen spannenden Alltag. Beste Voraussetzung also f\u00fcr nachhaltig zufriedene Kunden und motivierte Mitarbeiter. Ich arbeite sehr gern hier.<\/p>\t\t\t\t\t\t<\/div>\n\t\t\t\t<\/div>\n\t\t\t\t\t<\/div>\n\t\t<\/div>\n\t\t\t\t<div class=\"elementor-column elementor-col-50 elementor-top-column elementor-element elementor-element-9ea9ad7\" data-id=\"9ea9ad7\" data-element_type=\"column\" data-settings=\"{&quot;background_background&quot;:&quot;classic&quot;}\">\n\t\t\t<div class=\"elementor-widget-wrap\">\n\t\t\t\t\t\t\t\t\t<\/div>\n\t\t<\/div>\n\t\t\t\t\t\t\t<\/div>\n\t\t<\/section>\n\t\t\t\t\t\t\t<\/div>\n\t\t","protected":false},"excerpt":{"rendered":"<p>Andreas EngelGesch\u00e4ftsf\u00fchrer Seit 2003 bei Boreus Ich habe selbst als Auszubildender angefangen und bin heute Gesch\u00e4ftsf\u00fchrer bei Boreus. Immer nah an der aktuellen Technologie und am Puls des Kunden setzen wir spannende Projekte f\u00fcr und besonders mit unseren Kunden um. Ich sch\u00e4tze das offene und pers\u00f6nliche Verh\u00e4ltnis unter den Mitarbeitern. Aus meiner Sicht ist das [&hellip;]<\/p>\n","protected":false},"author":2,"featured_media":1071,"parent":0,"menu_order":0,"comment_status":"closed","ping_status":"closed","template":"","meta":{"footnotes":""},"kategorien":[],"class_list":["post-1984","page","type-page","status-publish","has-post-thumbnail","hentry"],"acf":[],"yoast_head":"<!-- This site is optimized with the Yoast SEO plugin v19.14 - https:\/\/yoast.com\/wordpress\/plugins\/seo\/ -->\n<title>Das sagen Mitarbeiter - Karriereportal<\/title>\n<meta name=\"robots\" content=\"noindex, follow, max-snippet:-1, max-image-preview:large, max-video-preview:-1\" \/>\n<meta property=\"og:locale\" content=\"de_DE\" \/>\n<meta property=\"og:type\" content=\"article\" \/>\n<meta property=\"og:title\" content=\"Das sagen Mitarbeiter - Karriereportal\" \/>\n<meta property=\"og:description\" content=\"Andreas EngelGesch\u00e4ftsf\u00fchrer Seit 2003 bei Boreus Ich habe selbst als Auszubildender angefangen und bin heute Gesch\u00e4ftsf\u00fchrer bei Boreus. Immer nah an der aktuellen Technologie und am Puls des Kunden setzen wir spannende Projekte f\u00fcr und besonders mit unseren Kunden um. Ich sch\u00e4tze das offene und pers\u00f6nliche Verh\u00e4ltnis unter den Mitarbeitern. Aus meiner Sicht ist das [&hellip;]\" \/>\n<meta property=\"og:url\" content=\"https:\/\/karriere.legacy.dev.brandhands.de\/?page_id=1984\" \/>\n<meta property=\"og:site_name\" content=\"Karriereportal\" \/>\n<meta property=\"og:image\" content=\"https:\/\/karriere.legacy.dev.brandhands.de\/wp-content\/uploads\/2022\/09\/torsten_vorher-1024x640-2.jpg\" \/>\n\t<meta property=\"og:image:width\" content=\"1024\" \/>\n\t<meta property=\"og:image:height\" content=\"640\" \/>\n\t<meta property=\"og:image:type\" content=\"image\/jpeg\" \/>\n<meta name=\"twitter:card\" content=\"summary_large_image\" \/>\n<meta name=\"twitter:label1\" content=\"Gesch\u00e4tzte Lesezeit\" \/>\n\t<meta name=\"twitter:data1\" content=\"2\u00a0Minuten\" \/>\n<script type=\"application\/ld+json\" class=\"yoast-schema-graph\">{\"@context\":\"https:\/\/schema.org\",\"@graph\":[{\"@type\":\"WebPage\",\"@id\":\"https:\/\/karriere.legacy.dev.brandhands.de\/?page_id=1984\",\"url\":\"https:\/\/karriere.legacy.dev.brandhands.de\/?page_id=1984\",\"name\":\"Das sagen Mitarbeiter - Karriereportal\",\"isPartOf\":{\"@id\":\"https:\/\/karriere.legacy.dev.brandhands.de\/#website\"},\"datePublished\":\"2022-09-26T19:15:47+00:00\",\"dateModified\":\"2022-09-26T19:15:47+00:00\",\"breadcrumb\":{\"@id\":\"https:\/\/karriere.legacy.dev.brandhands.de\/?page_id=1984#breadcrumb\"},\"inLanguage\":\"de\",\"potentialAction\":[{\"@type\":\"ReadAction\",\"target\":[\"https:\/\/karriere.legacy.dev.brandhands.de\/?page_id=1984\"]}]},{\"@type\":\"BreadcrumbList\",\"@id\":\"https:\/\/karriere.legacy.dev.brandhands.de\/?page_id=1984#breadcrumb\",\"itemListElement\":[{\"@type\":\"ListItem\",\"position\":1,\"name\":\"Startseite\",\"item\":\"https:\/\/karriere.legacy.dev.brandhands.de\/\"},{\"@type\":\"ListItem\",\"position\":2,\"name\":\"Das sagen Mitarbeiter\"}]},{\"@type\":\"WebSite\",\"@id\":\"https:\/\/karriere.legacy.dev.brandhands.de\/#website\",\"url\":\"https:\/\/karriere.legacy.dev.brandhands.de\/\",\"name\":\"Karriereportal\",\"description\":\"Boreus - WIIT Group\",\"potentialAction\":[{\"@type\":\"SearchAction\",\"target\":{\"@type\":\"EntryPoint\",\"urlTemplate\":\"https:\/\/karriere.legacy.dev.brandhands.de\/?s={search_term_string}\"},\"query-input\":\"required name=search_term_string\"}],\"inLanguage\":\"de\"}]}<\/script>\n<!-- \/ Yoast SEO plugin. -->","yoast_head_json":{"title":"Das sagen Mitarbeiter - Karriereportal","robots":{"index":"noindex","follow":"follow","max-snippet":"max-snippet:-1","max-image-preview":"max-image-preview:large","max-video-preview":"max-video-preview:-1"},"og_locale":"de_DE","og_type":"article","og_title":"Das sagen Mitarbeiter - Karriereportal","og_description":"Andreas EngelGesch\u00e4ftsf\u00fchrer Seit 2003 bei Boreus Ich habe selbst als Auszubildender angefangen und bin heute Gesch\u00e4ftsf\u00fchrer bei Boreus. Immer nah an der aktuellen Technologie und am Puls des Kunden setzen wir spannende Projekte f\u00fcr und besonders mit unseren Kunden um. Ich sch\u00e4tze das offene und pers\u00f6nliche Verh\u00e4ltnis unter den Mitarbeitern. Aus meiner Sicht ist das [&hellip;]","og_url":"https:\/\/karriere.legacy.dev.brandhands.de\/?page_id=1984","og_site_name":"Karriereportal","og_image":[{"width":1024,"height":640,"url":"https:\/\/karriere.legacy.dev.brandhands.de\/wp-content\/uploads\/2022\/09\/torsten_vorher-1024x640-2.jpg","type":"image\/jpeg"}],"twitter_card":"summary_large_image","twitter_misc":{"Gesch\u00e4tzte Lesezeit":"2\u00a0Minuten"},"schema":{"@context":"https:\/\/schema.org","@graph":[{"@type":"WebPage","@id":"https:\/\/karriere.legacy.dev.brandhands.de\/?page_id=1984","url":"https:\/\/karriere.legacy.dev.brandhands.de\/?page_id=1984","name":"Das sagen Mitarbeiter - Karriereportal","isPartOf":{"@id":"https:\/\/karriere.legacy.dev.brandhands.de\/#website"},"datePublished":"2022-09-26T19:15:47+00:00","dateModified":"2022-09-26T19:15:47+00:00","breadcrumb":{"@id":"https:\/\/karriere.legacy.dev.brandhands.de\/?page_id=1984#breadcrumb"},"inLanguage":"de","potentialAction":[{"@type":"ReadAction","target":["https:\/\/karriere.legacy.dev.brandhands.de\/?page_id=1984"]}]},{"@type":"BreadcrumbList","@id":"https:\/\/karriere.legacy.dev.brandhands.de\/?page_id=1984#breadcrumb","itemListElement":[{"@type":"ListItem","position":1,"name":"Startseite","item":"https:\/\/karriere.legacy.dev.brandhands.de\/"},{"@type":"ListItem","position":2,"name":"Das sagen Mitarbeiter"}]},{"@type":"WebSite","@id":"https:\/\/karriere.legacy.dev.brandhands.de\/#website","url":"https:\/\/karriere.legacy.dev.brandhands.de\/","name":"Karriereportal","description":"Boreus - WIIT Group","potentialAction":[{"@type":"SearchAction","target":{"@type":"EntryPoint","urlTemplate":"https:\/\/karriere.legacy.dev.brandhands.de\/?s={search_term_string}"},"query-input":"required name=search_term_string"}],"inLanguage":"de"}]}},"_links":{"self":[{"href":"https:\/\/karriere.legacy.dev.brandhands.de\/index.php?rest_route=\/wp\/v2\/pages\/1984","targetHints":{"allow":["GET"]}}],"collection":[{"href":"https:\/\/karriere.legacy.dev.brandhands.de\/index.php?rest_route=\/wp\/v2\/pages"}],"about":[{"href":"https:\/\/karriere.legacy.dev.brandhands.de\/index.php?rest_route=\/wp\/v2\/types\/page"}],"author":[{"embeddable":true,"href":"https:\/\/karriere.legacy.dev.brandhands.de\/index.php?rest_route=\/wp\/v2\/users\/2"}],"replies":[{"embeddable":true,"href":"https:\/\/karriere.legacy.dev.brandhands.de\/index.php?rest_route=%2Fwp%2Fv2%2Fcomments&post=1984"}],"version-history":[{"count":0,"href":"https:\/\/karriere.legacy.dev.brandhands.de\/index.php?rest_route=\/wp\/v2\/pages\/1984\/revisions"}],"wp:featuredmedia":[{"embeddable":true,"href":"https:\/\/karriere.legacy.dev.brandhands.de\/index.php?rest_route=\/wp\/v2\/media\/1071"}],"wp:attachment":[{"href":"https:\/\/karriere.legacy.dev.brandhands.de\/index.php?rest_route=%2Fwp%2Fv2%2Fmedia&parent=1984"}],"wp:term":[{"taxonomy":"kategorien","embeddable":true,"href":"https:\/\/karriere.legacy.dev.brandhands.de\/index.php?rest_route=%2Fwp%2Fv2%2Fkategorien&post=1984"}],"curies":[{"name":"wp","href":"https:\/\/api.w.org\/{rel}","templated":true}]}}